{"id":1729,"date":"2023-07-13T16:38:23","date_gmt":"2023-07-13T16:38:23","guid":{"rendered":"https:\/\/acompanha.pt\/?page_id=1729"},"modified":"2023-07-26T17:04:52","modified_gmt":"2023-07-26T17:04:52","slug":"programa-de-rastreios-de-saude-a-comunidade","status":"publish","type":"page","link":"https:\/\/acompanha.pt\/index.php\/programa-de-rastreios-de-saude-a-comunidade\/","title":{"rendered":"Programa de Rastreios de Sa\u00fade \u00e0 Comunidade"},"content":{"rendered":"<section class=\"wpb-content-wrapper\"><p>[vc_row][vc_column][vc_column_text]<\/p>\r\n<p>Protocolo criado com a C\u00e2mara Municipal de Peniche e a Acompanha em 2020 que visa, atrav\u00e9s de uma Unidade M\u00f3vel de Sa\u00fade, desenvolver a\u00e7\u00f5es de rastreios de sa\u00fade a grupos vulner\u00e1veis, designadamente pessoas idosas, isoladas e\/ou economicamente desfavorecidas em todo o concelho de Peniche. Esta parceria complementa o trabalho efetuado pelo Gabinete de Proximidade Social \u2013 GPS, visando dar respostas de sa\u00fade e sociais aos habitantes do concelho que se encontrem vulner\u00e1veis e\/ou comportamentos desviantes, tendo tamb\u00e9m uma componente de informa\u00e7\u00e3o e sensibiliza\u00e7\u00e3o.<\/p>\r\n<p><!-- \/wp:post-content -->\u00a0<\/p>\r\n<p><!-- wp:heading {\"textAlign\":\"center\"} \/-->\u00a0<\/p>\r\n<p>[\/vc_column_text][\/vc_column][\/vc_row][vc_row][vc_column width=&#8221;1\/4&#8243;][\/vc_column][vc_column width=&#8221;1\/2&#8243;][vc_single_image image=&#8221;1596&#8243; img_size=&#8221;large&#8221; alignment=&#8221;center&#8221;][\/vc_column][vc_column width=&#8221;1\/4&#8243;][\/vc_column][\/vc_row]<\/p><\/section>","protected":false},"excerpt":{"rendered":"<p>[vc_row][vc_column][vc_column_text] Protocolo criado com a C\u00e2mara Municipal de Peniche e a Acompanha em 2020 que visa, atrav\u00e9s de uma Unidade M\u00f3vel de Sa\u00fade, desenvolver a\u00e7\u00f5es de rastreios de sa\u00fade a grupos vulner\u00e1veis, designadamente pessoas idosas, isoladas e\/ou economicamente desfavorecidas em todo o concelho de Peniche. Esta parceria complementa o trabalho efetuado pelo Gabinete de Proximidade [&hellip;]<\/p>\n","protected":false},"author":1,"featured_media":0,"parent":0,"menu_order":0,"comment_status":"closed","ping_status":"closed","template":"","meta":{"footnotes":""},"class_list":["post-1729","page","type-page","status-publish","hentry"],"_links":{"self":[{"href":"https:\/\/acompanha.pt\/index.php\/wp-json\/wp\/v2\/pages\/1729","targetHints":{"allow":["GET"]}}],"collection":[{"href":"https:\/\/acompanha.pt\/index.php\/wp-json\/wp\/v2\/pages"}],"about":[{"href":"https:\/\/acompanha.pt\/index.php\/wp-json\/wp\/v2\/types\/page"}],"author":[{"embeddable":true,"href":"https:\/\/acompanha.pt\/index.php\/wp-json\/wp\/v2\/users\/1"}],"replies":[{"embeddable":true,"href":"https:\/\/acompanha.pt\/index.php\/wp-json\/wp\/v2\/comments?post=1729"}],"version-history":[{"count":4,"href":"https:\/\/acompanha.pt\/index.php\/wp-json\/wp\/v2\/pages\/1729\/revisions"}],"predecessor-version":[{"id":1867,"href":"https:\/\/acompanha.pt\/index.php\/wp-json\/wp\/v2\/pages\/1729\/revisions\/1867"}],"wp:attachment":[{"href":"https:\/\/acompanha.pt\/index.php\/wp-json\/wp\/v2\/media?parent=1729"}],"curies":[{"name":"wp","href":"https:\/\/api.w.org\/{rel}","templated":true}]}}