{"id":1723,"date":"2023-07-13T16:35:54","date_gmt":"2023-07-13T16:35:54","guid":{"rendered":"https:\/\/acompanha.pt\/?page_id=1723"},"modified":"2023-07-26T15:00:16","modified_gmt":"2023-07-26T15:00:16","slug":"servico-de-apoio-domiciliario","status":"publish","type":"page","link":"https:\/\/acompanha.pt\/index.php\/servico-de-apoio-domiciliario\/","title":{"rendered":"Apoio Domicili\u00e1rio"},"content":{"rendered":"<section class=\"wpb-content-wrapper\"><p>[vc_row][vc_column][vc_column_text]<\/p>\n<p>Equipa jovem e especializada, que trabalha diariamente para a melhoria da qualidade de vida, sa\u00fade, seguran\u00e7a e autoestima dos seus clientes, atrav\u00e9s da presta\u00e7\u00e3o de um vasto conjunto de servi\u00e7os adequados \u00e0s necessidades e prefer\u00eancias de cada cliente, que o acompanha <strong>365 dias por ano<\/strong>, em hor\u00e1rio alargado, no concelho de Peniche.<\/p>\n<p>&nbsp;<\/p>\n<hr \/>\n<p style=\"text-align: center;\"><strong>APOIO \u00c0S ATIVIDADES DA VIDA DI\u00c1RIA<\/strong><\/p>\n<hr \/>\n<p>&nbsp;<\/p>\n<p><em>CUIDADOS DE HIGIENE PESSOAL DE CONFORTO<\/em><\/p>\n<ul>\n<li>Banho Completo e\/ou parcial na cama ou no duche, higiene oral, cuidados espec\u00edficos com as unhas e hidrata\u00e7\u00e3o da pele, massagens de conforto e circula\u00e7\u00e3o, posicionamentos, transfer\u00eancias e estimula\u00e7\u00e3o da atividade f\u00edsica.<\/li>\n<\/ul>\n<p>&nbsp;<\/p>\n<p>&nbsp;<\/p>\n<p><em>CONFEC\u00c7\u00c3O E DISTIBUI\u00c7\u00c3O DAS REFEI\u00c7\u00d5ES<\/em><\/p>\n<ul>\n<li>Prepara\u00e7\u00e3o, confe\u00e7\u00e3o e entrega da alimenta\u00e7\u00e3o de acordo com a situa\u00e7\u00e3o cl\u00ednica e o plano nutricional.<\/li>\n<li>Ementas semanais elaboradas por um nutricionista, garantindo desta forma, uma alimenta\u00e7\u00e3o adequada \u00e0s necessidades do cliente.<\/li>\n<\/ul>\n<p>A \u00e1rea alimentar possui certifica\u00e7\u00e3o ao n\u00edvel da Higiene e Seguran\u00e7a Alimentar, baseada na metodologia HACCP.<\/p>\n<p>&nbsp;<\/p>\n<p><em>ACOMPANHAMENTO E APOIO NAS REFEI\u00c7\u00d5ES<\/em><\/p>\n<ul>\n<li>Aux\u00edlio durante as refei\u00e7\u00f5es principais, adequada para caso particular, quer por administra\u00e7\u00e3o oral ou por sonda. Promovendo informa\u00e7\u00e3o, forma\u00e7\u00e3o e sensibiliza\u00e7\u00e3o quer \u00e0 fam\u00edlia, quer ao cliente visando a autonomia no domic\u00edlio.<\/li>\n<\/ul>\n<p>&nbsp;<\/p>\n<p><em>HIGIENIZA\u00c7\u00c3O DO DOMIC\u00cdLIO<\/em><\/p>\n<ul>\n<li>Servi\u00e7o di\u00e1rio, realizado ap\u00f3s presta\u00e7\u00e3o dos cuidados de higiene pessoal, que inclui tarefas b\u00e1sicas dom\u00e9sticas como arruma\u00e7\u00e3o do quarto, limpeza da instala\u00e7\u00e3o sanit\u00e1ria e recolha de lixo.<\/li>\n<\/ul>\n<p>Este servi\u00e7o \u00e9 assegurado pela equipa nas situa\u00e7\u00f5es em que o cliente esteja impossibilitado de garantir esta atividade, ou n\u00e3o tenha suporte familiar<\/p>\n<p>&nbsp;<\/p>\n<p><em>TRATAMENTO DE ROUPAS<\/em><\/p>\n<ul>\n<li>Inclui a recolha, lavagem, engomagem e entrega de roupa de uso pessoal, de cama e atoalhados, semanalmente. Este servi\u00e7o \u00e9 realizado na lavandaria da institui\u00e7\u00e3o<\/li>\n<\/ul>\n<p>&nbsp;<\/p>\n<p><em>ASSIST\u00caNCIA NAS DESLOCA\u00c7\u00d5ES AO EXTERIOR<\/em><\/p>\n<ul>\n<li>Acompanhamento em desloca\u00e7\u00f5es a hospitais, centros de sa\u00fade, consultas e exames m\u00e9dicos e atividades de lazer.<\/li>\n<\/ul>\n<p>&nbsp;<\/p>\n<p><em>AQUISI\u00c7\u00c3O DE BENS E SERVI\u00c7OS<\/em><\/p>\n<ul>\n<li>Desloca\u00e7\u00e3o ao exterior para aquisi\u00e7\u00e3o de bens e servi\u00e7os, designadamente alimentos, medica\u00e7\u00e3o e pagamento de servi\u00e7os.<\/li>\n<\/ul>\n<p>&nbsp;<\/p>\n<p><em>ADAPTA\u00c7\u00c3O DO LAR<\/em><\/p>\n<ul>\n<li>Adapta\u00e7\u00e3o do espa\u00e7o f\u00edsico do cliente visando a elimina\u00e7\u00e3o de barreiras arquitet\u00f3nicas contribuindo para melhorar a mobilidade no seu meio ambiente.<\/li>\n<\/ul>\n<p>&nbsp;<\/p>\n<p><em>APOIO PSICOSSOCIAL<\/em><\/p>\n<ul>\n<li>Interven\u00e7\u00e3o t\u00e9cnica para avaliar, sinalizar, encaminhar e apoiar na resolu\u00e7\u00e3o de problemas nomeadamente, direitos sociais, obten\u00e7\u00e3o de subs\u00eddios e complementos.<\/li>\n<\/ul>\n<hr \/>\n<p style=\"text-align: center;\"><strong>CUIDADOS DE SA\u00daDE<\/strong><strong>\u00a0<\/strong><\/p>\n<hr \/>\n<p>&nbsp;<\/p>\n<p><em>GEST\u00c3O DA MEDICA\u00c7\u00c3O<\/em><\/p>\n<ul>\n<li>Levantamento, prepara\u00e7\u00e3o e toma assistida da medica\u00e7\u00e3o<\/li>\n<\/ul>\n<p>&nbsp;<\/p>\n<p><em>ENFERMAGEM<\/em><\/p>\n<ul>\n<li>Acompanhamento de situa\u00e7\u00f5es cr\u00f3nicas, avalia\u00e7\u00f5es e rastreios de sa\u00fade, monitoriza\u00e7\u00e3o e controlo da tens\u00e3o arterial e glic\u00e9mia, insulinoterapia. Supervis\u00e3o e administra\u00e7\u00e3o de medicamentos e vacinas.<\/li>\n<li>Sinaliza\u00e7\u00e3o e encaminhamento para outras estruturas de sa\u00fade.<\/li>\n<\/ul>\n<p>&nbsp;<\/p>\n<hr \/>\n<p style=\"text-align: center;\"><strong>OUTROS SERVI\u00c7OS<\/strong><\/p>\n<hr \/>\n<p>&nbsp;<\/p>\n<ul>\n<li>Disponibiliza\u00e7\u00e3o de produtos de apoio \u00e0 funcionalidade e autonomia que melhoram a qualidade de vida do cliente, designadamente camas articuladas, cadeiras de rodas, auxiliares de marcha, ajudas de banho, material de prote\u00e7\u00e3o, higiene e incontin\u00eancia.<\/li>\n<li>Forma\u00e7\u00e3o para cuidadores realizada no domic\u00edlio ou na institui\u00e7\u00e3o, tendo por objetivo formar o cuidador no que diz respeito aos cuidados de higiene, nutri\u00e7\u00e3o e mobilidade, entre outras necessidades sentidas ao n\u00edvel das atividades de vida di\u00e1ria do cliente e do equil\u00edbrio f\u00edsico e emocional do cuidador, promovendo a qualidade de vida e o bem-estar de todos os intervenientes.<\/li>\n<\/ul>\n<p>[\/vc_column_text][\/vc_column][\/vc_row]<\/p>\n<\/section>","protected":false},"excerpt":{"rendered":"<p>[vc_row][vc_column][vc_column_text] Equipa jovem e especializada, que trabalha diariamente para a melhoria da qualidade de vida, sa\u00fade, seguran\u00e7a e autoestima dos seus clientes, atrav\u00e9s da presta\u00e7\u00e3o de um vasto conjunto de servi\u00e7os adequados \u00e0s necessidades e prefer\u00eancias de cada cliente, que o acompanha 365 dias por ano, em hor\u00e1rio alargado, no concelho de Peniche. &nbsp; APOIO [&hellip;]<\/p>\n","protected":false},"author":1,"featured_media":0,"parent":0,"menu_order":0,"comment_status":"closed","ping_status":"closed","template":"","meta":{"footnotes":""},"class_list":["post-1723","page","type-page","status-publish","hentry"],"_links":{"self":[{"href":"https:\/\/acompanha.pt\/index.php\/wp-json\/wp\/v2\/pages\/1723","targetHints":{"allow":["GET"]}}],"collection":[{"href":"https:\/\/acompanha.pt\/index.php\/wp-json\/wp\/v2\/pages"}],"about":[{"href":"https:\/\/acompanha.pt\/index.php\/wp-json\/wp\/v2\/types\/page"}],"author":[{"embeddable":true,"href":"https:\/\/acompanha.pt\/index.php\/wp-json\/wp\/v2\/users\/1"}],"replies":[{"embeddable":true,"href":"https:\/\/acompanha.pt\/index.php\/wp-json\/wp\/v2\/comments?post=1723"}],"version-history":[{"count":15,"href":"https:\/\/acompanha.pt\/index.php\/wp-json\/wp\/v2\/pages\/1723\/revisions"}],"predecessor-version":[{"id":1832,"href":"https:\/\/acompanha.pt\/index.php\/wp-json\/wp\/v2\/pages\/1723\/revisions\/1832"}],"wp:attachment":[{"href":"https:\/\/acompanha.pt\/index.php\/wp-json\/wp\/v2\/media?parent=1723"}],"curies":[{"name":"wp","href":"https:\/\/api.w.org\/{rel}","templated":true}]}}