{"id":1721,"date":"2023-07-13T16:35:39","date_gmt":"2023-07-13T16:35:39","guid":{"rendered":"https:\/\/acompanha.pt\/?page_id=1721"},"modified":"2023-07-26T16:16:59","modified_gmt":"2023-07-26T16:16:59","slug":"centro-de-dia","status":"publish","type":"page","link":"https:\/\/acompanha.pt\/index.php\/centro-de-dia\/","title":{"rendered":"Centro de Dia"},"content":{"rendered":"<section class=\"wpb-content-wrapper\"><p>[vc_row][vc_column][vc_column_text]Atendimento personalizado, de segunda a sexta-feira, das 8h \u00e0s 18h, num ambiente de seguran\u00e7a f\u00edsica e afetiva, em fun\u00e7\u00e3o das especificidades de cada cliente, atrav\u00e9s de servi\u00e7os adequados \u00e0s necessidades biopsicossociais, promovendo a dignidade e o respeito pela hist\u00f3ria, cultura, espiritualidade e vontades expressas.<\/p>\n<p>Promo\u00e7\u00e3o o acesso dos nossos clientes \u00e0 continuidade da aprendizagem ao longo da vida e o contacto com novas tecnologias \u00fateis a uma inclus\u00e3o digital consciente e cont\u00ednua.<\/p>\n<p>&nbsp;<\/p>\n<hr \/>\n<p style=\"text-align: center;\"><strong>APOIO \u00c0S ATIVIDADES DA VIDA DI\u00c1RIA<\/strong><\/p>\n<hr \/>\n<p>&nbsp;<\/p>\n<p><em>CUIDADOS DE HIGIENE PESSOAL DE CONFORTO<\/em><\/p>\n<ul>\n<li>Banho completo e\/ou parcial no duche, higiene oral, cuidados espec\u00edficos com as unhas e hidrata\u00e7\u00e3o da pele, massagens de conforto e circula\u00e7\u00e3o.<\/li>\n<\/ul>\n<p>&nbsp;<\/p>\n<p><em>ALIMENTA\u00c7\u00c3O<\/em><\/p>\n<ul>\n<li>Prepara\u00e7\u00e3o, confe\u00e7\u00e3o e entrega da alimenta\u00e7\u00e3o de acordo com a situa\u00e7\u00e3o cl\u00ednica e o plano nutricional. Ementas semanais elaboradas por um nutricionista, garantindo desta forma, uma alimenta\u00e7\u00e3o adequada \u00e0s necessidades do cliente.<\/li>\n<li>Fornecimento do pequeno-almo\u00e7o, almo\u00e7o, lanche e jantar.<\/li>\n<\/ul>\n<p>A \u00e1rea alimentar possui certifica\u00e7\u00e3o ao n\u00edvel da Higiene e Seguran\u00e7a Alimentar, baseada na metodologia HACCP.<\/p>\n<p>&nbsp;<\/p>\n<p><em>ACOMPANHAMENTO E APOIO NAS REFEI\u00c7\u00d5ES<\/em><\/p>\n<ul>\n<li>Aux\u00edlio durante as refei\u00e7\u00f5es principais, adequada para caso particular<\/li>\n<\/ul>\n<p>&nbsp;<\/p>\n<p><em>TRATAMENTO DE ROUPAS<\/em><\/p>\n<ul>\n<li>Inclui a recolha, lavagem, engomagem da roupa de uso pessoal. Este servi\u00e7o \u00e9 realizado na lavandaria da institui\u00e7\u00e3o<\/li>\n<\/ul>\n<p>&nbsp;<\/p>\n<p><em>ASSIST\u00caNCIA NAS DESLOCA\u00c7\u00d5ES AO EXTERIOR<\/em><\/p>\n<ul>\n<li>Acompanhamento em desloca\u00e7\u00f5es a hospitais, centros de sa\u00fade, consultas e exames m\u00e9dicos e atividades de lazer.<\/li>\n<\/ul>\n<p>&nbsp;<\/p>\n<p><em>AQUISI\u00c7\u00c3O DE BENS E SERVI\u00c7OS<\/em><\/p>\n<ul>\n<li>Desloca\u00e7\u00e3o ao exterior para aquisi\u00e7\u00e3o de bens e servi\u00e7os, designadamente alimentos, medica\u00e7\u00e3o e pagamento de servi\u00e7os.<\/li>\n<\/ul>\n<p>&nbsp;<\/p>\n<p><em>ATIVIDADES DE ANIMA\u00c7\u00c3O E SOCIALIZA\u00c7\u00c3O<\/em><\/p>\n<ul>\n<li>Atividades diversificadas adequadas \u00e0 condi\u00e7\u00e3o f\u00edsica e ps\u00edquica do cliente, como atividades f\u00edsicas, socioculturais, de participa\u00e7\u00e3o e cidadania, l\u00fadico-recreativas, de motricidade e estimula\u00e7\u00e3o cognitiva, de qualidade de vida e bem-estar.<\/li>\n<\/ul>\n<p>Servi\u00e7o prestado nas instala\u00e7\u00f5es e no exterior.<\/p>\n<p>&nbsp;<\/p>\n<p><em>APOIO PSICOSSOCIAL<\/em><\/p>\n<ul>\n<li>Interven\u00e7\u00e3o do t\u00e9cnico de servi\u00e7o social para avaliar, sinalizar, encaminhar e apoiar na resolu\u00e7\u00e3o de problemas nomeadamente, direitos sociais, obten\u00e7\u00e3o de subs\u00eddios e complementos.<\/li>\n<\/ul>\n<p>&nbsp;<\/p>\n<hr \/>\n<p style=\"text-align: center;\"><strong>CUIDADOS DE SA\u00daDE<\/strong><\/p>\n<hr \/>\n<p>&nbsp;<\/p>\n<p><em>GEST\u00c3O DA MEDICA\u00c7\u00c3O<\/em><\/p>\n<ul>\n<li>Levantamento, prepara\u00e7\u00e3o e toma assistida da medica\u00e7\u00e3o<\/li>\n<\/ul>\n<p>&nbsp;<\/p>\n<p><em>ENFERMAGEM<\/em><\/p>\n<ul>\n<li>Acompanhamento, avalia\u00e7\u00f5es e rastreios de sa\u00fade, monitoriza\u00e7\u00e3o e controlo da tens\u00e3o arterial e glic\u00e9mia, insulinoterapia. Supervis\u00e3o e administra\u00e7\u00e3o de medicamentos e vacinas.<\/li>\n<li>Injet\u00e1veis, pensos e outros servi\u00e7os em fun\u00e7\u00e3o das necessidades do cliente.<\/li>\n<li>Sinaliza\u00e7\u00e3o e encaminhamento para outras estruturas de sa\u00fade.<\/li>\n<\/ul>\n<p>&nbsp;<\/p>\n<hr \/>\n<p style=\"text-align: center;\"><strong>CUIDADOS DE IMAGEM<\/strong><\/p>\n<hr \/>\n<p>&nbsp;<\/p>\n<p><em>CABELEIREIRO, MANICURE E PEDICURE<\/em><\/p>\n<ul>\n<li>Servi\u00e7os prestados nas instala\u00e7\u00f5es da institui\u00e7\u00e3o<\/li>\n<\/ul>\n<p>&nbsp;<\/p>\n<hr \/>\n<p style=\"text-align: center;\"><strong>TRANSPORTE<\/strong><\/p>\n<hr \/>\n<p><em>TRANSPORTE DI\u00c1RIO<\/em><\/p>\n<ul>\n<li>Recolha do cliente a partir das 8h e entrega no domic\u00edlio a partir das 17h.<\/li>\n<\/ul>\n<p>&nbsp;<\/p>\n<hr \/>\n<p style=\"text-align: center;\"><strong>OUTROS SERVI\u00c7OS<\/strong><\/p>\n<hr \/>\n<p>&nbsp;<\/p>\n<ul>\n<li>Acompanhamento ao exterior sempre que o cliente necessite de estar presente em consultas e\/ou realizar exames m\u00e9dicos.<\/li>\n<li>Disponibiliza\u00e7\u00e3o de produtos de apoio \u00e0 funcionalidade e autonomia com vista \u00e0 melhoria da qualidade de vida do cliente, designadamente camas articuladas, cadeiras de rodas, auxiliares de marcha, ajudas de banho, material de prote\u00e7\u00e3o, higiene e incontin\u00eancia.<\/li>\n<li>Forma\u00e7\u00e3o para cuidadores realizada no domic\u00edlio ou na institui\u00e7\u00e3o, tendo por objetivo formar o cuidador no que diz respeito aos cuidados de higiene, nutri\u00e7\u00e3o e mobilidade, entre outras necessidades sentidas ao n\u00edvel das atividades de vida di\u00e1ria do cliente e do equil\u00edbrio f\u00edsico e emocional do cuidador, promovendo a qualidade de vida e o bem-estar de todos os intervenientes.<\/li>\n<li>Articula\u00e7\u00e3o com os servi\u00e7os locais de sa\u00fade.<\/li>\n<\/ul>\n<p>&nbsp;<\/p>\n<p>&nbsp;<\/p>\n<hr \/>\n<p style=\"text-align: center;\"><strong>DEPOIMENTOS<\/strong><\/p>\n<hr \/>\n<p>[\/vc_column_text][\/vc_column][\/vc_row][vc_row][vc_column width=&#8221;1\/3&#8243;][\/vc_column][vc_column width=&#8221;1\/3&#8243;][vc_raw_html]JTVCc29jaWFsLXByb29mLXNsaWRlciU1RA==[\/vc_raw_html][\/vc_column][vc_column width=&#8221;1\/3&#8243;][\/vc_column][\/vc_row]<\/p>\n<\/section>","protected":false},"excerpt":{"rendered":"<p>[vc_row][vc_column][vc_column_text]Atendimento personalizado, de segunda a sexta-feira, das 8h \u00e0s 18h, num ambiente de seguran\u00e7a f\u00edsica e afetiva, em fun\u00e7\u00e3o das especificidades de cada cliente, atrav\u00e9s de servi\u00e7os adequados \u00e0s necessidades biopsicossociais, promovendo a dignidade e o respeito pela hist\u00f3ria, cultura, espiritualidade e vontades expressas. Promo\u00e7\u00e3o o acesso dos nossos clientes \u00e0 continuidade da aprendizagem ao [&hellip;]<\/p>\n","protected":false},"author":1,"featured_media":0,"parent":0,"menu_order":0,"comment_status":"closed","ping_status":"closed","template":"","meta":{"footnotes":""},"class_list":["post-1721","page","type-page","status-publish","hentry"],"_links":{"self":[{"href":"https:\/\/acompanha.pt\/index.php\/wp-json\/wp\/v2\/pages\/1721","targetHints":{"allow":["GET"]}}],"collection":[{"href":"https:\/\/acompanha.pt\/index.php\/wp-json\/wp\/v2\/pages"}],"about":[{"href":"https:\/\/acompanha.pt\/index.php\/wp-json\/wp\/v2\/types\/page"}],"author":[{"embeddable":true,"href":"https:\/\/acompanha.pt\/index.php\/wp-json\/wp\/v2\/users\/1"}],"replies":[{"embeddable":true,"href":"https:\/\/acompanha.pt\/index.php\/wp-json\/wp\/v2\/comments?post=1721"}],"version-history":[{"count":27,"href":"https:\/\/acompanha.pt\/index.php\/wp-json\/wp\/v2\/pages\/1721\/revisions"}],"predecessor-version":[{"id":1849,"href":"https:\/\/acompanha.pt\/index.php\/wp-json\/wp\/v2\/pages\/1721\/revisions\/1849"}],"wp:attachment":[{"href":"https:\/\/acompanha.pt\/index.php\/wp-json\/wp\/v2\/media?parent=1721"}],"curies":[{"name":"wp","href":"https:\/\/api.w.org\/{rel}","templated":true}]}}